{"id":551,"date":"2024-03-15T10:02:35","date_gmt":"2024-03-15T09:02:35","guid":{"rendered":"https:\/\/lalibrecomedie.fr\/?page_id=551"},"modified":"2025-01-29T22:45:51","modified_gmt":"2025-01-29T21:45:51","slug":"partenaires","status":"publish","type":"page","link":"https:\/\/lalibrecomedie.fr\/index.php\/partenaires\/","title":{"rendered":"Partenaires"},"content":{"rendered":"\n<h2 class=\"wp-block-heading\">Un grand Merci \u00e0 eux !<\/h2>\n\n\n\n<div class=\"wp-block-group alignfull is-vertical is-content-justification-center is-layout-flex wp-container-core-group-is-layout-3 wp-block-group-is-layout-flex\">\n<div class=\"wp-block-group alignwide is-content-justification-center is-nowrap is-layout-flex wp-container-core-group-is-layout-2 wp-block-group-is-layout-flex\">\n<figure class=\"wp-block-image size-full is-resized border\"><img loading=\"lazy\" decoding=\"async\" width=\"800\" height=\"800\" src=\"http:\/\/lalibrecomedie.fr\/wp-content\/uploads\/2024\/02\/credit-mutuel-logo-1.png\" alt=\"Logo du Cr\u00e9dit Mutuel\" class=\"wp-image-640\" style=\"aspect-ratio:1;object-fit:contain;width:200px\" srcset=\"https:\/\/lalibrecomedie.fr\/wp-content\/uploads\/2024\/02\/credit-mutuel-logo-1.png 800w, https:\/\/lalibrecomedie.fr\/wp-content\/uploads\/2024\/02\/credit-mutuel-logo-1-300x300.png 300w, https:\/\/lalibrecomedie.fr\/wp-content\/uploads\/2024\/02\/credit-mutuel-logo-1-150x150.png 150w, https:\/\/lalibrecomedie.fr\/wp-content\/uploads\/2024\/02\/credit-mutuel-logo-1-768x768.png 768w, https:\/\/lalibrecomedie.fr\/wp-content\/uploads\/2024\/02\/credit-mutuel-logo-1-508x508.png 508w\" sizes=\"auto, (max-width: 800px) 100vw, 800px\" \/><\/figure>\n\n\n\n<div class=\"wp-block-group\"><div class=\"wp-block-group__inner-container is-layout-constrained wp-block-group-is-layout-constrained\">\n<p class=\"has-text-align-left\">Le Cr\u00e9dit Mutuel<\/p>\n<\/div><\/div>\n<\/div>\n<\/div>\n\n\n\n<div class=\"wp-block-group alignwide is-content-justification-center is-nowrap is-layout-flex wp-container-core-group-is-layout-5 wp-block-group-is-layout-flex\">\n<div class=\"wp-block-group\"><div class=\"wp-block-group__inner-container is-layout-constrained wp-block-group-is-layout-constrained\">\n<p class=\"has-text-align-right\">L&rsquo;Agencement et S\u00e9curit\u00e9 Cr\u00e9ation Aluminium<\/p>\n<\/div><\/div>\n\n\n\n<figure class=\"wp-block-image size-full is-resized border\"><a href=\"https:\/\/asca-scop-sa.com\"><img loading=\"lazy\" decoding=\"async\" width=\"300\" height=\"300\" src=\"http:\/\/lalibrecomedie.fr\/wp-content\/uploads\/2024\/02\/ASCA.jpg\" alt=\"Logo de l'ASCA\" class=\"wp-image-623\" style=\"aspect-ratio:1;object-fit:contain;width:200px\" srcset=\"https:\/\/lalibrecomedie.fr\/wp-content\/uploads\/2024\/02\/ASCA.jpg 300w, https:\/\/lalibrecomedie.fr\/wp-content\/uploads\/2024\/02\/ASCA-150x150.jpg 150w\" sizes=\"auto, (max-width: 300px) 100vw, 300px\" \/><\/a><\/figure>\n<\/div>\n\n\n\n<div class=\"wp-block-group alignwide is-content-justification-center is-nowrap is-layout-flex wp-container-core-group-is-layout-7 wp-block-group-is-layout-flex\">\n<figure class=\"wp-block-image size-full is-resized border\"><img loading=\"lazy\" decoding=\"async\" width=\"225\" height=\"225\" src=\"http:\/\/lalibrecomedie.fr\/wp-content\/uploads\/2024\/02\/VilleChinon.jpg\" alt=\"Logo de la ville de Chinon\" class=\"wp-image-647\" style=\"aspect-ratio:1;object-fit:contain;width:200px\" srcset=\"https:\/\/lalibrecomedie.fr\/wp-content\/uploads\/2024\/02\/VilleChinon.jpg 225w, https:\/\/lalibrecomedie.fr\/wp-content\/uploads\/2024\/02\/VilleChinon-150x150.jpg 150w\" sizes=\"auto, (max-width: 225px) 100vw, 225px\" \/><\/figure>\n\n\n\n<div class=\"wp-block-group\"><div class=\"wp-block-group__inner-container is-layout-constrained wp-block-group-is-layout-constrained\">\n<p class=\"has-text-align-left\">La ville de Chinon<\/p>\n<\/div><\/div>\n<\/div>\n\n\n\n<div class=\"wp-block-group alignwide is-content-justification-center is-nowrap is-layout-flex wp-container-core-group-is-layout-9 wp-block-group-is-layout-flex\">\n<div class=\"wp-block-group\"><div class=\"wp-block-group__inner-container is-layout-constrained wp-block-group-is-layout-constrained\">\n<p class=\"has-text-align-right\">Conseil d\u00e9partemental d&rsquo;Indre-Et-Loire<\/p>\n<\/div><\/div>\n\n\n\n<figure class=\"wp-block-image size-large is-resized border\"><img loading=\"lazy\" decoding=\"async\" width=\"1024\" height=\"1024\" src=\"https:\/\/lalibrecomedie.fr\/wp-content\/uploads\/2024\/02\/Departement-1024x1024.jpg\" alt=\"Logo du Conseil d\u00e9partemental d'Indre-Et-Loire\" class=\"wp-image-652\" style=\"aspect-ratio:1;object-fit:cover;width:200px\" srcset=\"https:\/\/lalibrecomedie.fr\/wp-content\/uploads\/2024\/02\/Departement-1024x1024.jpg 1024w, https:\/\/lalibrecomedie.fr\/wp-content\/uploads\/2024\/02\/Departement-300x300.jpg 300w, https:\/\/lalibrecomedie.fr\/wp-content\/uploads\/2024\/02\/Departement-150x150.jpg 150w, https:\/\/lalibrecomedie.fr\/wp-content\/uploads\/2024\/02\/Departement-768x768.jpg 768w, https:\/\/lalibrecomedie.fr\/wp-content\/uploads\/2024\/02\/Departement-1536x1536.jpg 1536w, https:\/\/lalibrecomedie.fr\/wp-content\/uploads\/2024\/02\/Departement-1240x1240.jpg 1240w, https:\/\/lalibrecomedie.fr\/wp-content\/uploads\/2024\/02\/Departement-508x508.jpg 508w, https:\/\/lalibrecomedie.fr\/wp-content\/uploads\/2024\/02\/Departement.jpg 1700w\" sizes=\"auto, (max-width: 1024px) 100vw, 1024px\" \/><\/figure>\n<\/div>\n\n\n\n<h2 class=\"wp-block-heading\">Un grand Merci \u00e0 nos amis<\/h2>\n\n\n\n<div class=\"wp-block-group alignwide is-vertical is-content-justification-center is-layout-flex wp-container-core-group-is-layout-14 wp-block-group-is-layout-flex\">\n<div class=\"wp-block-group is-nowrap is-layout-flex wp-container-core-group-is-layout-11 wp-block-group-is-layout-flex\">\n<figure class=\"wp-block-image size-full is-resized border\"><a href=\"https:\/\/www.bernard-loyer-chinon.fr\"><img loading=\"lazy\" decoding=\"async\" width=\"117\" height=\"117\" src=\"https:\/\/lalibrecomedie.fr\/wp-content\/uploads\/2024\/02\/BernardLoyer-1-edited.png\" alt=\"Logo du site de Bernard Loyer\" class=\"wp-image-686\" style=\"width:200px\"\/><\/a><\/figure>\n\n\n\n<div class=\"wp-block-group\"><div class=\"wp-block-group__inner-container is-layout-constrained wp-block-group-is-layout-constrained\">\n<p class=\"has-text-align-left\">Bernard Loyer, viticulteur de Chinon<\/p>\n<\/div><\/div>\n<\/div>\n\n\n\n<div class=\"wp-block-group is-content-justification-right is-nowrap is-layout-flex wp-container-core-group-is-layout-13 wp-block-group-is-layout-flex\">\n<div class=\"wp-block-group is-vertical is-layout-flex wp-container-core-group-is-layout-12 wp-block-group-is-layout-flex\">\n<p class=\"has-text-align-right\">Orthogaffe.com, de Bernard Fripiat<\/p>\n<\/div>\n\n\n\n<figure class=\"wp-block-image size-full is-resized border\"><a href=\"https:\/\/www.orthogaffe.com\"><img loading=\"lazy\" decoding=\"async\" width=\"920\" height=\"920\" src=\"http:\/\/lalibrecomedie.fr\/wp-content\/uploads\/2024\/02\/orthogaffe.jpg\" alt=\"Logo du site Orthogaffe.com\" class=\"wp-image-690\" style=\"aspect-ratio:1;object-fit:cover;width:200px\" srcset=\"https:\/\/lalibrecomedie.fr\/wp-content\/uploads\/2024\/02\/orthogaffe.jpg 920w, https:\/\/lalibrecomedie.fr\/wp-content\/uploads\/2024\/02\/orthogaffe-300x300.jpg 300w, https:\/\/lalibrecomedie.fr\/wp-content\/uploads\/2024\/02\/orthogaffe-150x150.jpg 150w, https:\/\/lalibrecomedie.fr\/wp-content\/uploads\/2024\/02\/orthogaffe-768x768.jpg 768w, https:\/\/lalibrecomedie.fr\/wp-content\/uploads\/2024\/02\/orthogaffe-508x508.jpg 508w\" sizes=\"auto, (max-width: 920px) 100vw, 920px\" \/><\/a><\/figure>\n<\/div>\n<\/div>\n","protected":false},"excerpt":{"rendered":"<p>Un grand Merci \u00e0 eux ! Le Cr\u00e9dit Mutuel L&rsquo;Agencement et S\u00e9curit\u00e9 Cr\u00e9ation Aluminium La ville de Chinon Conseil d\u00e9partemental d&rsquo;Indre-Et-Loire Un grand Merci \u00e0 nos amis Bernard Loyer, viticulteur de Chinon Orthogaffe.com, de Bernard Fripiat<\/p>\n","protected":false},"author":2,"featured_media":0,"parent":0,"menu_order":0,"comment_status":"closed","ping_status":"closed","template":"","meta":{"footnotes":""},"class_list":["post-551","page","type-page","status-publish","hentry"],"jetpack_sharing_enabled":true,"_links":{"self":[{"href":"https:\/\/lalibrecomedie.fr\/index.php\/wp-json\/wp\/v2\/pages\/551","targetHints":{"allow":["GET"]}}],"collection":[{"href":"https:\/\/lalibrecomedie.fr\/index.php\/wp-json\/wp\/v2\/pages"}],"about":[{"href":"https:\/\/lalibrecomedie.fr\/index.php\/wp-json\/wp\/v2\/types\/page"}],"author":[{"embeddable":true,"href":"https:\/\/lalibrecomedie.fr\/index.php\/wp-json\/wp\/v2\/users\/2"}],"replies":[{"embeddable":true,"href":"https:\/\/lalibrecomedie.fr\/index.php\/wp-json\/wp\/v2\/comments?post=551"}],"version-history":[{"count":66,"href":"https:\/\/lalibrecomedie.fr\/index.php\/wp-json\/wp\/v2\/pages\/551\/revisions"}],"predecessor-version":[{"id":1648,"href":"https:\/\/lalibrecomedie.fr\/index.php\/wp-json\/wp\/v2\/pages\/551\/revisions\/1648"}],"wp:attachment":[{"href":"https:\/\/lalibrecomedie.fr\/index.php\/wp-json\/wp\/v2\/media?parent=551"}],"curies":[{"name":"wp","href":"https:\/\/api.w.org\/{rel}","templated":true}]}}