{"id":415,"date":"2024-02-17T16:35:12","date_gmt":"2024-02-17T15:35:12","guid":{"rendered":"https:\/\/lalibrecomedie.fr\/?page_id=415"},"modified":"2025-02-01T20:42:25","modified_gmt":"2025-02-01T19:42:25","slug":"animations","status":"publish","type":"page","link":"https:\/\/lalibrecomedie.fr\/index.php\/animations\/","title":{"rendered":"Animations"},"content":{"rendered":"\n<h2 class=\"wp-block-heading has-text-align-center\">Scolaires avec :<br> Moli\u00e8re\u00a0c\u00f4t\u00e9\u00a0cour<\/h2>\n\n\n\n<p>\u00c0 partir de 2025, faites d\u00e9couvrir aupr\u00e8s des jeunes dans les \u00e9coles des sc\u00e8nes de Moli\u00e8re.<\/p>\n\n\n\n<h2 class=\"wp-block-heading has-text-align-center\">Animations de No\u00ebl<\/h2>\n\n\n<div class=\"wp-block-image\">\n<figure class=\"aligncenter size-large is-resized\"><img loading=\"lazy\" decoding=\"async\" width=\"768\" height=\"1024\" src=\"http:\/\/lalibrecomedie.fr\/wp-content\/uploads\/2024\/05\/20221217_112639-768x1024.jpg\" alt=\"Photo d'animation\" class=\"wp-image-1522\" style=\"width:200px\" srcset=\"https:\/\/lalibrecomedie.fr\/wp-content\/uploads\/2024\/05\/20221217_112639-768x1024.jpg 768w, https:\/\/lalibrecomedie.fr\/wp-content\/uploads\/2024\/05\/20221217_112639-225x300.jpg 225w, https:\/\/lalibrecomedie.fr\/wp-content\/uploads\/2024\/05\/20221217_112639-1152x1536.jpg 1152w, https:\/\/lalibrecomedie.fr\/wp-content\/uploads\/2024\/05\/20221217_112639-1536x2048.jpg 1536w, https:\/\/lalibrecomedie.fr\/wp-content\/uploads\/2024\/05\/20221217_112639-1240x1653.jpg 1240w, https:\/\/lalibrecomedie.fr\/wp-content\/uploads\/2024\/05\/20221217_112639-508x677.jpg 508w, https:\/\/lalibrecomedie.fr\/wp-content\/uploads\/2024\/05\/20221217_112639-scaled.jpg 1920w\" sizes=\"auto, (max-width: 768px) 100vw, 768px\" \/><\/figure><\/div>\n\n\n<div class=\"wp-block-group alignwide is-content-justification-center is-nowrap is-layout-flex wp-container-core-group-is-layout-1 wp-block-group-is-layout-flex\">\n<figure class=\"wp-block-image size-large is-resized\"><img loading=\"lazy\" decoding=\"async\" width=\"498\" height=\"1024\" src=\"http:\/\/lalibrecomedie.fr\/wp-content\/uploads\/2024\/05\/20221217_112552-498x1024.jpg\" alt=\"Photo d'animation\" class=\"wp-image-1521\" style=\"width:200px\" srcset=\"https:\/\/lalibrecomedie.fr\/wp-content\/uploads\/2024\/05\/20221217_112552-498x1024.jpg 498w, https:\/\/lalibrecomedie.fr\/wp-content\/uploads\/2024\/05\/20221217_112552-146x300.jpg 146w, https:\/\/lalibrecomedie.fr\/wp-content\/uploads\/2024\/05\/20221217_112552-768x1580.jpg 768w, https:\/\/lalibrecomedie.fr\/wp-content\/uploads\/2024\/05\/20221217_112552-746x1536.jpg 746w, https:\/\/lalibrecomedie.fr\/wp-content\/uploads\/2024\/05\/20221217_112552-995x2048.jpg 995w, https:\/\/lalibrecomedie.fr\/wp-content\/uploads\/2024\/05\/20221217_112552-1240x2552.jpg 1240w, https:\/\/lalibrecomedie.fr\/wp-content\/uploads\/2024\/05\/20221217_112552-508x1045.jpg 508w, https:\/\/lalibrecomedie.fr\/wp-content\/uploads\/2024\/05\/20221217_112552-scaled.jpg 1244w\" sizes=\"auto, (max-width: 498px) 100vw, 498px\" \/><\/figure>\n\n\n\n<ul class=\"wp-block-list\">\n<li>Sculptures de ballons<\/li>\n\n\n\n<li>Le lutin dansant<\/li>\n\n\n\n<li>Lectures de contes de No\u00ebl<\/li>\n<\/ul>\n\n\n\n<figure class=\"wp-block-image size-large is-resized\"><img loading=\"lazy\" decoding=\"async\" width=\"498\" height=\"1024\" src=\"http:\/\/lalibrecomedie.fr\/wp-content\/uploads\/2024\/05\/20221216_181557-498x1024.jpg\" alt=\"Photo d'animation\" class=\"wp-image-1520\" style=\"width:200px\" srcset=\"https:\/\/lalibrecomedie.fr\/wp-content\/uploads\/2024\/05\/20221216_181557-498x1024.jpg 498w, https:\/\/lalibrecomedie.fr\/wp-content\/uploads\/2024\/05\/20221216_181557-146x300.jpg 146w, https:\/\/lalibrecomedie.fr\/wp-content\/uploads\/2024\/05\/20221216_181557-768x1580.jpg 768w, https:\/\/lalibrecomedie.fr\/wp-content\/uploads\/2024\/05\/20221216_181557-746x1536.jpg 746w, https:\/\/lalibrecomedie.fr\/wp-content\/uploads\/2024\/05\/20221216_181557-995x2048.jpg 995w, https:\/\/lalibrecomedie.fr\/wp-content\/uploads\/2024\/05\/20221216_181557-1240x2552.jpg 1240w, https:\/\/lalibrecomedie.fr\/wp-content\/uploads\/2024\/05\/20221216_181557-508x1045.jpg 508w, https:\/\/lalibrecomedie.fr\/wp-content\/uploads\/2024\/05\/20221216_181557-scaled.jpg 1244w\" sizes=\"auto, (max-width: 498px) 100vw, 498px\" \/><\/figure>\n\n\n\n<p><br><\/p>\n<\/div>\n\n\n\n<figure class=\"wp-block-video aligncenter\"><video controls src=\"http:\/\/lalibrecomedie.fr\/wp-content\/uploads\/2024\/05\/Lutin-Dansant.mp4\"><\/video><\/figure>\n\n\n\n<h2 class=\"wp-block-heading has-text-align-center\">Mamie Dicton et Papy Bouchon<\/h2>\n\n\n<div class=\"wp-block-image\">\n<figure class=\"aligncenter size-full is-resized\"><img loading=\"lazy\" decoding=\"async\" width=\"720\" height=\"481\" src=\"http:\/\/lalibrecomedie.fr\/wp-content\/uploads\/2024\/09\/AE3FC049-F53D-483B-A970-1036E57437CE.jpg\" alt=\"Photo Mamie Dicton et Papy Bouchon\" class=\"wp-image-1581\" style=\"width:400px\" title=\"\" srcset=\"https:\/\/lalibrecomedie.fr\/wp-content\/uploads\/2024\/09\/AE3FC049-F53D-483B-A970-1036E57437CE.jpg 720w, https:\/\/lalibrecomedie.fr\/wp-content\/uploads\/2024\/09\/AE3FC049-F53D-483B-A970-1036E57437CE-300x200.jpg 300w, https:\/\/lalibrecomedie.fr\/wp-content\/uploads\/2024\/09\/AE3FC049-F53D-483B-A970-1036E57437CE-508x339.jpg 508w\" sizes=\"auto, (max-width: 720px) 100vw, 720px\" \/><figcaption class=\"wp-element-caption\">Cr\u00e9dit photo : Bruno Thom\u00e9<\/figcaption><\/figure><\/div>\n\n\n<div class=\"wp-block-group is-horizontal is-content-justification-space-between is-nowrap is-layout-flex wp-container-core-group-is-layout-2 wp-block-group-is-layout-flex\">\n<figure class=\"wp-block-image size-full is-resized\"><img loading=\"lazy\" decoding=\"async\" width=\"720\" height=\"720\" src=\"http:\/\/lalibrecomedie.fr\/wp-content\/uploads\/2024\/09\/PHOTO-2024-09-11-21-27-42.jpg\" alt=\"Photo de l'animation\" class=\"wp-image-1580\" style=\"width:500px\" srcset=\"https:\/\/lalibrecomedie.fr\/wp-content\/uploads\/2024\/09\/PHOTO-2024-09-11-21-27-42.jpg 720w, https:\/\/lalibrecomedie.fr\/wp-content\/uploads\/2024\/09\/PHOTO-2024-09-11-21-27-42-300x300.jpg 300w, https:\/\/lalibrecomedie.fr\/wp-content\/uploads\/2024\/09\/PHOTO-2024-09-11-21-27-42-150x150.jpg 150w, https:\/\/lalibrecomedie.fr\/wp-content\/uploads\/2024\/09\/PHOTO-2024-09-11-21-27-42-508x508.jpg 508w\" sizes=\"auto, (max-width: 720px) 100vw, 720px\" \/><\/figure>\n\n\n\n<figure class=\"wp-block-image size-large is-resized\"><img loading=\"lazy\" decoding=\"async\" width=\"768\" height=\"1024\" src=\"http:\/\/lalibrecomedie.fr\/wp-content\/uploads\/2024\/09\/BF35C817-BCEF-4564-A24E-2FFE9E8623F1-768x1024.jpg\" alt=\"Photo de l'animation\" class=\"wp-image-1579\" style=\"width:375px\" srcset=\"https:\/\/lalibrecomedie.fr\/wp-content\/uploads\/2024\/09\/BF35C817-BCEF-4564-A24E-2FFE9E8623F1-768x1024.jpg 768w, https:\/\/lalibrecomedie.fr\/wp-content\/uploads\/2024\/09\/BF35C817-BCEF-4564-A24E-2FFE9E8623F1-225x300.jpg 225w, https:\/\/lalibrecomedie.fr\/wp-content\/uploads\/2024\/09\/BF35C817-BCEF-4564-A24E-2FFE9E8623F1-1152x1536.jpg 1152w, https:\/\/lalibrecomedie.fr\/wp-content\/uploads\/2024\/09\/BF35C817-BCEF-4564-A24E-2FFE9E8623F1-1240x1653.jpg 1240w, https:\/\/lalibrecomedie.fr\/wp-content\/uploads\/2024\/09\/BF35C817-BCEF-4564-A24E-2FFE9E8623F1-508x677.jpg 508w, https:\/\/lalibrecomedie.fr\/wp-content\/uploads\/2024\/09\/BF35C817-BCEF-4564-A24E-2FFE9E8623F1.jpg 1536w\" sizes=\"auto, (max-width: 768px) 100vw, 768px\" \/><\/figure>\n\n\n\n<p><br><\/p>\n<\/div>\n\n\n\n<p>Un couple d\u00e9tonnant par leur bonhomie et leur d\u00e9sir de dynamisme pour surprendre tous les publics des festivals, grands repas festifs, f\u00eates de vos villages ou villes. Ils s&rsquo;adapteront aux situations en improvisant selon les circonstances et vos demandes..<\/p>\n\n\n\n<figure class=\"wp-block-video aligncenter\"><video controls src=\"http:\/\/lalibrecomedie.fr\/wp-content\/uploads\/2024\/09\/Salsa.mov\"><\/video><figcaption class=\"wp-element-caption\">March\u00e9 \u00e0 l&rsquo;ancienne avec \u00ab\u00a0Go Swing Chinon\u00a0\u00bb<\/figcaption><\/figure>\n\n\n\n<figure class=\"wp-block-video video_taille\"><video controls src=\"http:\/\/lalibrecomedie.fr\/wp-content\/uploads\/2024\/09\/Envoles-Pigeons.mp4\"><\/video><\/figure>\n\n\n\n<p class=\"has-text-align-center\"><br><em>Pour avoir un devis : <a href=\"https:\/\/lalibrecomedie.fr\/index.php\/contact\/\" data-type=\"page\" data-id=\"1267\">contactez-nous<\/a> !<\/em><\/p>\n","protected":false},"excerpt":{"rendered":"<p>Scolaires avec : Moli\u00e8re\u00a0c\u00f4t\u00e9\u00a0cour \u00c0 partir de 2025, faites d\u00e9couvrir aupr\u00e8s des jeunes dans les \u00e9coles des sc\u00e8nes de Moli\u00e8re. Animations de No\u00ebl Mamie Dicton et Papy Bouchon Un couple d\u00e9tonnant par leur bonhomie et leur d\u00e9sir de dynamisme pour surprendre tous les publics des festivals, grands repas festifs, f\u00eates de vos villages ou villes. [&hellip;]<\/p>\n","protected":false},"author":2,"featured_media":0,"parent":0,"menu_order":0,"comment_status":"closed","ping_status":"closed","template":"","meta":{"footnotes":""},"class_list":["post-415","page","type-page","status-publish","hentry"],"jetpack_sharing_enabled":true,"_links":{"self":[{"href":"https:\/\/lalibrecomedie.fr\/index.php\/wp-json\/wp\/v2\/pages\/415","targetHints":{"allow":["GET"]}}],"collection":[{"href":"https:\/\/lalibrecomedie.fr\/index.php\/wp-json\/wp\/v2\/pages"}],"about":[{"href":"https:\/\/lalibrecomedie.fr\/index.php\/wp-json\/wp\/v2\/types\/page"}],"author":[{"embeddable":true,"href":"https:\/\/lalibrecomedie.fr\/index.php\/wp-json\/wp\/v2\/users\/2"}],"replies":[{"embeddable":true,"href":"https:\/\/lalibrecomedie.fr\/index.php\/wp-json\/wp\/v2\/comments?post=415"}],"version-history":[{"count":79,"href":"https:\/\/lalibrecomedie.fr\/index.php\/wp-json\/wp\/v2\/pages\/415\/revisions"}],"predecessor-version":[{"id":1681,"href":"https:\/\/lalibrecomedie.fr\/index.php\/wp-json\/wp\/v2\/pages\/415\/revisions\/1681"}],"wp:attachment":[{"href":"https:\/\/lalibrecomedie.fr\/index.php\/wp-json\/wp\/v2\/media?parent=415"}],"curies":[{"name":"wp","href":"https:\/\/api.w.org\/{rel}","templated":true}]}}